4).
2, 3
Suppose 0 = u + 3*u - 2*t - 196, 3*u + t = 152. Suppose -8 = -z + 4*c + u, -3*c = 5*z - 221. Suppose 4*o - z = -2. What are the prime factors of o?
11
Let r = -2 - -5. Let d be 1/(r/(0 + -3)). List the prime factors of -2 - 0/d - -11.
3
What are the prime factors of 2*15/6 - -58?
3, 7
Suppose -5*q + 7 + 3 = 0. Suppose -q*w - 3*w + 50 = 0. What are the prime factors of w?
2, 5
Suppose -6*m + 85 = -m. Let p = -8 + m. Suppose -3*k + 36 = p. List the prime factors of k.
3
Let a(m) be the first derivative of -m**3/3 + 4*m**2 - 7*m + 2. Let g be a(7). Suppose g*z - 34 = -2*z. List the prime factors of z.
17
Suppose 3*p + 4*a = 2*p + 24, -12 = -3*a. Let m = p - 5. Suppose m*s = -2*s + 45. List the prime factors of s.
3
Let g = 44 + 166. Suppose p = -2*d - 10 + 38, -4*d = -5*p + g. List the prime factors of p.
2, 19
Let u(v) = 3*v - 2. Let f be u(3). Let k = f + 5. What are the prime factors of k?
2, 3
Let f(y) = 71*y**2 + 3*y. List the prime factors of f(1).
2, 37
Suppose 88 = 4*w - 0*w - 5*v, -2*w = -v - 38. Suppose -2*s + 13 = -5*u, -s - 3*u - 15 = -4*s. Suppose -n = -w + s. What are the prime factors of n?
13
Let l(w) = -3*w + 2*w - 7 + 0*w + 0*w. Let q be l(-8). Let t = 17 + q. What are the prime factors of t?
2, 3
Let a = 408 - 100. List the prime factors of a.
2, 7, 11
Let u = 25 + -23. Suppose 18 = u*f - 10. List the prime factors of f.
2, 7
Let n be (-9)/(-6)*(-16)/6. Let w(m) = m**3 + 6*m**2 + 3*m - 1. Let x be w(n). What are the prime factors of x/1 + -1 + -1?
17
Suppose -3*c = 5*t, -c - 5*t = c. Suppose -4*i + c*i + 48 = 4*a, 3*i - 3*a - 18 = 0. What are the prime factors of i?
3
Suppose 8*g = 148 + 28. List the prime factors of g.
2, 11
Suppose 151 = 2*w + 5*x, 4*w - 6*x + 2*x = 372. Let g = w + -52. Suppose d - g = -3*d. List the prime factors of d.
3
Let h = -45 + 75. List the prime factors of (h*1)/(6/4).
2, 5
Let o(q) = q**3 + 8*q**2 + 4*q + 9. Let d be o(-7). List the prime factors of d + (-2)/(2 + -4).
31
List the prime factors of (11 + -12)/(2/(-156)).
2, 3, 13
Suppose 4*z - h = 13 + 2, -5*z - 5*h = -50. List the prime factors of z.
5
Suppose -2295 = -9*v - 873. What are the prime factors of v?
2, 79
Suppose 5*y - 39 = -9. List the prime factors of y.
2, 3
Suppose -n + 4 = 1. Suppose 0 = -4*k - 2*p + 78, n*k - 88 = -k - 4*p. What are the prime factors of k?
17
Let j = 5 - 2. Suppose -j*n + n + 20 = 0. What are the prime factors of n?
2, 5
Suppose -f + 2 + 0 = 0. Suppose -f*w + 4*k = 2*k - 32, 2*k + 53 = 3*w. What are the prime factors of w?
3, 7
Suppose -18 = -2*k + 3*b, 2*b - 10 - 6 = -k. Let s = -8 + k. List the prime factors of s.
2
Let q(l) = -3*l - 2. Let i be q(-2). Suppose 0 = -5*d - 5*k + 10, 8*d = 3*d - i*k + 10. Let b(c) = 3*c**2 - 4*c + 2. List the prime factors of b(d).
2, 3
Suppose 3*z - 3*h - 4 + 22 = 0, 5*z + h = -60. Let g = z + 44. Suppose -3*w + g = 2*v, -3*w + 2*v = v - 24. What are the prime factors of w?
3
Suppose -t - 17 = -2*p, 0 = 3*p - 2*t - 36 + 8. What are the prime factors of 6/(-9) + 190/p?
31
Let j = 127 - 28. Let f = j + -67. List the prime factors of f.
2
Let p = 15 + 136. List the prime factors of p.
151
Suppose 0*v + 104 = -4*v. Let t = v - -36. What are the prime factors of t?
2, 5
Suppose 0 = 2*b + b + 99. What are the prime factors of (1 + 1)*b/(-3)?
2, 11
Let p(n) = 4*n**3 - n**2 + 1. Let c be p(1). Suppose -r - 38 = -c*b + 2*b, 5*r = -4*b + 104. List the prime factors of b.
3, 7
Let i = 55 - 38. Suppose 5*z = -3*q + i, 8*z = 3*z - q + 9. List the prime factors of z + 6*1/2.
2
Let d(h) = -h + 4. Let i be d(0). Let m(r) = 7*r**2 - 2*r + 2 - 4*r**2 - 6*r**2 + r**3. What are the prime factors of m(i)?
2, 5
Suppose 12 = -3*n - 0*n. Let u = n - -17. List the prime factors of u.
13
Let f(z) = 1 + 3*z + 3 - 2. List the prime factors of f(7).
23
Let o = -68 - -127. What are the prime factors of o?
59
Suppose 7 = v + 5*q, q = 3*v + 2*v - 9. What are the prime factors of v?
2
Let z(n) = 2*n**3 + 7*n**2 + 6*n + 5. Let x(i) = -i**3 - 8*i**2 - 7*i - 6. Let w(m) = 6*x(m) + 7*z(m). List the prime factors of w(1).
2
Suppose 5*n - 2112 = 2*g, g - 1794 = -5*n + 315. List the prime factors of n.
2, 211
Let m be 42*(-6)/9*-1. Let l(c) = -c - 1. Let u be l(5). What are the prime factors of 2/6 - m/u?
5
Suppose 2*m + 3 - 133 = 0. List the prime factors of m.
5, 13
Let n(c) = -c**3 - 5*c**2 + 9*c + 9. Suppose -5*v - 5*p = 14 + 6, v = -3*p. Let l be n(v). Let i = l - -13. What are the prime factors of i?
2
Let g be -3 - (5/1 + 1). Let c = g - -30. What are the prime factors of c?
3, 7
Let m(u) = 4*u + 7 - u**2 + 6*u**2 - 4*u**2 + u. List the prime factors of m(-7).
3, 7
Let m(a) = 14*a + 7. List the prime factors of m(5).
7, 11
Suppose -1 = n + 3. Let x = 4 - n. Let s = x - 0. What are the prime factors of s?
2
Suppose 6*i + 97 = 613. List the prime factors of i.
2, 43
Suppose -35 = -5*o + 5*m, -3*o + 0*m = m - 5. Suppose 4*t - 4 = 2*t + 3*w, 0 = 4*t - o*w - 14. What are the prime factors of t?
5
Suppose -413 = -4*u + 671. What are the prime factors of u?
271
What are the prime factors of (-2 + 96/9)*3?
2, 13
Let r(t) = -t**2 + 8*t + 4. List the prime factors of r(5).
19
Let p(q) = -5*q**3 + q**2 + 5*q - 4. Let v(r) = -4*r**3 + 4*r - 3. Let m(j) = 5*p(j) - 6*v(j). What are the prime factors of m(4)?
2, 3
Let o(u) = -4*u - 3. Let k be o(-2). Suppose -k*r + 84 = 2*r. What are the prime factors of r?
2, 3
Suppose -4*n + 2*c + 0*c + 18 = 0, -5*n + 28 = 3*c. Suppose -5*w = 5 + n. What are the prime factors of 1/w + (-14)/(-4)?
3
Suppose -2*u - r + 6*r = -43, 3*u + 4*r - 7 = 0. List the prime factors of u.
3
Let i = -19 - -88. List the prime factors of i.
3, 23
Let y(c) = 44*c - 14. Let w(d) = 29*d - 9. Let v(h) = -8*w(h) + 5*y(h). List the prime factors of v(-1).
2, 7
Suppose 3*l - 26 = 40. What are the prime factors of l?
2, 11
Let v = -4 - -7. Let x be (-8)/(-1 - v/(-6)). Suppose 5*w + 1 - x = 0. List the prime factors of w.
3
Let n be (4/3)/(4/24). Let z = n + -4. Suppose -b = 4*o - 5, z*b = -0*b + 3*o + 77. List the prime factors of b.
17
Let s = 354 + -200. What are the prime factors of s?
2, 7, 11
Let g = -95 - -195. What are the prime factors of g?
2, 5
Let f = -207 + 458. What are the prime factors of f?
251
Suppose h - 23 = 16. What are the prime factors of h?
3, 13
Let f = -2 - -4. Suppose 3*t + 21 = f*v + 2*t, 4*t + 3 = -v. List the prime factors of v.
3
Suppose -b = -0*b + 3. Let m = 22 + b. List the prime factors of m.
19
Let v = 49 - 83. Let w = v + 53. List the prime factors of w.
19
Let s(u) = -3*u**2 - 11*u - 11. Let z(y) = -5*y**2 - 17*y - 17. Let q(d) = -8*s(d) + 5*z(d). Let n be (-58)/(-18) + (-6)/27. What are the prime factors of q(n)?
3
Suppose x + 4*b = -5, 3*x + 45 = -3*b + b. What are the prime factors of 1/(33/x + 2)?
17
Let o = 299 - 63. List the prime factors of o.
2, 59
Let a(y) be the first derivative of y**4/4 - 2*y**3 + 4*y + 1. Let x be a(6). Suppose i - 10 = -x*i. What are the prime factors of i?
2
Let r(w) be the second derivative of w**4/12 - 3*w**3/2 + 2*w**2 + 2*w. Let l be r(6). What are the prime factors of (-4)/l - 24/(-14)?
2
Let f = -77 + 114. List the prime factors of f.
37
Let w = 1 + 2. Let p be ((-9)/6 - w)*-2. List the prime factors of p - (-3 + 2) - 0.
2, 5
Suppose h - 2 = -u, -5*h + 10*h + 20 = 0. Suppose -o + 22 = 2. List the prime factors of (o/u)/(4/6).
5
Suppose o = -n - 8, 2*o + 0*o + 34 = -5*n. Let y = 4 + n. Let i(r) = -r**3 + r**2 - 1. What are the prime factors of i(y)?
11
Let o = 175 + 177. What are the prime factors of o?
2, 11
Let m = -6 - -3. Suppose -2*w - 2*a + 7*a + 35 = 0, 0 = w + 4*a + 15. Let x = w + m. List the prime factors of x.
2
List the prime factors of -4 - 1/(1/246*-2).
7, 17
Suppose -3*b + b = -28. What are the prime factors of b?
2, 7
Let f(t) = -t**3 - t + 82. Let m be f(0). Suppose -2*y + m = -4*y. List the prime factors of y/(-4) - 1/4.
2, 5
Let h(g) = -2*g + 4. Let f = 5 - 8. What are the prime factors of h(f)?
2, 5
Suppose 0*g - g + 1 = 3*k, -k - 2*g = -2. Suppose 0*j + 4*j - 64 = k. List the prime factors of j.
2
Suppose 2*x - 13 = -c - 0, 4 = -4*x + 4*c. What are the prime factors of x?
2
Let c(x) = x**2 + 5*x - 10. Let a be c(-7). Suppose -a*v + 2*j + j + 72 = 0, 0 = 4*v + j - 72. List the prime factors of v.
2, 3
Suppose 5